{"id":8206,"date":"2024-10-24T11:11:16","date_gmt":"2024-10-24T09:11:16","guid":{"rendered":"https:\/\/refuge-de-darwyn.ch\/brunch-der-region\/"},"modified":"2025-04-08T07:42:58","modified_gmt":"2025-04-08T05:42:58","slug":"brunch-der-region","status":"publish","type":"page","link":"https:\/\/refuge-de-darwyn.ch\/de\/aktivitaeten\/unsere-veranstaltungen\/brunch-der-region\/","title":{"rendered":"Brunch der Region"},"content":{"rendered":"\n<p class=\"gb-headline gb-headline-ae3f4b7f gb-headline-text\">Melden Sie sich jetzt f\u00fcr unseren Brunch am 18. Mai 2025 an und genie\u00dfen Sie lokale und saisonale Produkte! F\u00fcllen Sie das Formular aus, um Ihren Platz zu reservieren! <\/p>\n\n<p>Preis: CHF 45.00 pro Person f\u00fcr Erwachsene, CHF 25.00 pro Person f\u00fcr Kinder (ohne Getr\u00e4nke).<\/p>\n\n<p>Um 11 Uhr im Refugium!  <\/p>\n","protected":false},"excerpt":{"rendered":"<p>Melden Sie sich jetzt f\u00fcr unseren Brunch am 18. Mai 2025 an und genie\u00dfen Sie lokale und saisonale Produkte! F\u00fcllen Sie das Formular aus, um Ihren Platz zu reservieren! Preis: CHF 45.00 pro Person f\u00fcr Erwachsene, CHF 25.00 pro Person f\u00fcr Kinder (ohne Getr\u00e4nke). Um 11 Uhr im Refugium!<\/p>\n","protected":false},"author":1,"featured_media":0,"parent":8228,"menu_order":4,"comment_status":"closed","ping_status":"closed","template":"","meta":{"_acf_changed":false,"_seopress_robots_primary_cat":"","_seopress_titles_title":"Inscrivez-vous pour un brunch terroir savoureux!","_seopress_titles_desc":"Inscrivez-vous d\u00e8s maintenant pour notre Brunch du terroir et savourez des produits locaux. Remplissez le formulaire pour r\u00e9server votre place !","_seopress_robots_index":"","footnotes":""},"page_category":[83],"class_list":{"0":"post-8206","1":"page","2":"type-page","3":"status-publish","5":"page_category-formulaire"},"acf":[],"_links":{"self":[{"href":"https:\/\/refuge-de-darwyn.ch\/de\/wp-json\/wp\/v2\/pages\/8206","targetHints":{"allow":["GET"]}}],"collection":[{"href":"https:\/\/refuge-de-darwyn.ch\/de\/wp-json\/wp\/v2\/pages"}],"about":[{"href":"https:\/\/refuge-de-darwyn.ch\/de\/wp-json\/wp\/v2\/types\/page"}],"author":[{"embeddable":true,"href":"https:\/\/refuge-de-darwyn.ch\/de\/wp-json\/wp\/v2\/users\/1"}],"replies":[{"embeddable":true,"href":"https:\/\/refuge-de-darwyn.ch\/de\/wp-json\/wp\/v2\/comments?post=8206"}],"version-history":[{"count":3,"href":"https:\/\/refuge-de-darwyn.ch\/de\/wp-json\/wp\/v2\/pages\/8206\/revisions"}],"predecessor-version":[{"id":10205,"href":"https:\/\/refuge-de-darwyn.ch\/de\/wp-json\/wp\/v2\/pages\/8206\/revisions\/10205"}],"up":[{"embeddable":true,"href":"https:\/\/refuge-de-darwyn.ch\/de\/wp-json\/wp\/v2\/pages\/8228"}],"wp:attachment":[{"href":"https:\/\/refuge-de-darwyn.ch\/de\/wp-json\/wp\/v2\/media?parent=8206"}],"wp:term":[{"taxonomy":"page_category","embeddable":true,"href":"https:\/\/refuge-de-darwyn.ch\/de\/wp-json\/wp\/v2\/page_category?post=8206"}],"curies":[{"name":"wp","href":"https:\/\/api.w.org\/{rel}","templated":true}]}}

<p class="gb-headline gb-headline-ae3f4b7f gb-headline-text">Melden Sie sich jetzt für unseren Brunch am 18. Mai 2025 an und genießen Sie lokale und saisonale Produkte! Füllen Sie das Formular aus, um Ihren Platz zu reservieren! </p>

<p>Preis: CHF 45.00 pro Person für Erwachsene, CHF 25.00 pro Person für Kinder (ohne Getränke).</p>

<p>Um 11 Uhr im Refugium!  </p>

<p>Melden Sie sich jetzt für unseren Brunch am 18. Mai 2025 an und genießen Sie lokale und saisonale Produkte! Füllen Sie das Formular aus, um Ihren Platz zu reservieren! Preis: CHF 45.00 pro Person für Erwachsene, CHF 25.00 pro Person für Kinder (ohne Getränke). Um 11 Uhr im Refugium!</p>

Inscrivez-vous dès maintenant pour notre Brunch du terroir et savourez des produits locaux. Remplissez le formulaire pour réserver votre place !
